hen 15632 is divided by 3622?
1144
What is the remainder when 21454053 is divided by 1731?
39
Calculate the remainder when 8035200 is divided by 934.
932
Calculate the remainder when 14977309 is divided by 1232.
1117
Calculate the remainder when 1665625 is divided by 1665621.
4
What is the remainder when 1800203 is divided by 17671?
15432
Calculate the remainder when 2896497 is divided by 300.
297
Calculate the remainder when 77099 is divided by 2354.
1771
Calculate the remainder when 7505673 is divided by 2194.
2193
What is the remainder when 301182 is divided by 299853?
1329
Calculate the remainder when 4368774 is divided by 134.
106
What is the remainder when 27947 is divided by 13?
10
Calculate the remainder when 8137096 is divided by 99.
88
Calculate the remainder when 36391 is divided by 400.
391
What is the remainder when 1771487 is divided by 3963?
26
Calculate the remainder when 10128890 is divided by 12789.
2
Calculate the remainder when 7258009 is divided by 9084.
8977
Calculate the remainder when 244103693 is divided by 136447.
10
Calculate the remainder when 8771032 is divided by 37.
34
What is the remainder when 3230441 is divided by 212?
197
Calculate the remainder when 47477 is divided by 2486.
243
What is the remainder when 1756799 is divided by 1042?
1029
Calculate the remainder when 8461061 is divided by 3253.
8
Calculate the remainder when 501266 is divided by 501259.
7
What is the remainder when 2006954 is divided by 4411?
4360
Calculate the remainder when 74942 is divided by 73536.
1406
Calculate the remainder when 1889237 is divided by 26989.
7
What is the remainder when 427459 is divided by 927?
112
What is the remainder when 3700165 is divided by 421?
417
What is the remainder when 13711993 is divided by 17?
14
What is the remainder when 18685379 is divided by 14?
13
What is the remainder when 804612268 is divided by 165?
163
Calculate the remainder when 50195 is divided by 102.
11
Calculate the remainder when 926721 is divided by 18506.
1421
What is the remainder when 778640 is divided by 16206?
752
What is the remainder when 2019387 is divided by 673093?
108
What is the remainder when 269567963 is divided by 134783980?
3
Calculate the remainder when 6458086 is divided by 67.
23
What is the remainder when 6606716 is divided by 347721?
17
Calculate the remainder when 418935 is divided by 26.
23
What is the remainder when 2407297 is divided by 20933?
2
What is the remainder when 2478262 is divided by 9459?
4
Calculate the remainder when 7590944 is divided by 1466.
1462
Calculate the remainder when 55097 is divided by 4837.
1890
What is the remainder when 4040298 is divided by 3859?
3784
What is the remainder when 1832028 is divided by 2867?
15
Calculate the remainder when 385536 is divided by 8762.
8
What is the remainder when 19505 is divided by 5387?
3344
Calculate the remainder when 1037020 is divided by 892.
516
Calculate the remainder when 4915497 is divided by 339.
336
What is the remainder when 32220375 is divided by 947658?
3
Calculate the remainder when 292074 is divided by 951.
117
What is the remainder when 50066 is divided by 16375?
941
What is the remainder when 10694047 is divided by 1336743?
103
Calculate the remainder when 154365 is divided by 2072.
1037
What is the remainder when 439472 is divided by 13729?
144
Calculate the remainder when 11518 is divided by 1850.
418
Calculate the remainder when 1626546 is divided by 87.
81
Calculate the remainder when 153375 is divided by 1870.
35
Calculate the remainder when 57251 is divided by 19079.
14
Calculate the remainder when 113184 is divided by 26801.
5980
Calculate the remainder when 138560302 is divided by 23093383.
4
What is the remainder when 5830801 is divided by 832971?
4
What is the remainder when 508658 is divided by 14072?
2066
What is the remainder when 82994163 is divided by 621?
618
What is the remainder when 14282685 is divided by 487?
436
Calculate the remainder when 7420658 is divided by 2772.
14
Calculate the remainder when 45776 is divided by 2677.
267
What is the remainder when 49313182 is divided by 99?
94
What is the remainder when 562163 is divided by 11711?
35
Calculate the remainder when 2371429 is divided by 2606.
2575
What is the remainder when 288778 is divided by 1229?
1192
What is the remainder when 3275021 is divided by 1637498?
25
Calculate the remainder when 1623201 is divided by 2228.
1217
What is the remainder when 410623 is divided by 102606?
199
Calculate the remainder when 2573689 is divided by 1522.
1509
What is the remainder when 269732 is divided by 269627?
105
What is the remainder when 27912373 is divided by 180?
133
What is the remainder when 160131 is divided by 13332?
147
What is the remainder when 1584893 is divided by 792438?
17
Calculate the remainder when 128247 is divided by 2565.
2562
What is the remainder when 19039670 is divided by 9519748?
174
Calculate the remainder when 5504965 is divided by 17.
8
What is the remainder when 1239461 is divided by 473?
201
Calculate the remainder when 21967341 is divided by 8462.
8451
Calculate the remainder when 1080759 is divided by 48.
39
Calculate the remainder when 2571747 is divided by 201.
153
What is the remainder when 176542023 is divided by 121?
119
Calculate the remainder when 5403710 is divided by 300198.
146
Calculate the remainder when 114651949 is divided by 33642.
13
What is the remainder when 11265899 is divided by 9?
5
What is the remainder when 36762 is divided by 6110?
102
Calculate the remainder when 2635815 is divided by 56.
7
Calculate the remainder when 9503 is divided by 1362.
1331
What is the remainder when 188524 is divided by 94258?
8
Calculate the remainder when 23694366 is divided by 4738867.
31
What is the remainder when 2659947 is divided by 743?
7
Calculate the remainder when 203894184 is divided by 141.
6
What is the remainder when 1916383 is divided by 1473?
10
What is the remainder when 64363723 is divided by 918?
907
Calculate the remainder when 115287 is divided by 6770.
197
Calculate the remainder when 42935 is divided by 13665.
1940
Calculate the remainder when 7168699 is divided by 245.
244
What is the remainder when 63989814 is divided by 16?
6
Calculate the remainder when 5872 is divided by 2115.
1642
Calculate the remainder when 437786103 is divided by 8107.
8103
Calculate the remainder when 21317458 is divided by 10.
8
Calculate the remainder when 6952 is divided by 429.
88
What is the remainder when 8572 is divided by 935?
157
What is the remainder when 3031114 is divided by 160?
74
Calculate the remainder when 971326 is divided by 9435.
8956
What is the remainder when 30635665 is divided by 137?
136
Calculate the remainder when 157434 is divided by 3494.
204
Calculate the remainder when 8496261 is divided by 708020.
21
Calculate the remainder when 552492211 is divided by 101.
92
What is the remainder when 2929019 is divided by 975761?
1736
What is the remainder when 1531557 is divided by 26?
1
What is the remainder when 3608506 is divided by 5410?
36
What is the remainder when 21521881 is divided by 3848?
17
Calculate the remainder when 1096521 is divided by 295.
6
What is the remainder when 76410923 is divided by 3804?
3779
What is the remainder when 4022792 is divided by 972?
656
What is the remainder when 102180 is divided by 92?
60
What is the remainder when 1705800472 is divided by 6003?
6001
What is the remainder when 2325617 is divided by 1162797?
23
Calculate the remainder when 101729 is divided by 14034.
3491
Calculate the remainder when 304354 is divided by 342.
316
What is the remainder when 89334 is divided by 199?
182
Calculate the remainder when 217210 is divided by 45.
40
What is the remainder when 8975224 is divided by 477?
469
What is the remainder when 585548 is divided by 292636?
276
Calculate the remainder when 48409 is divided by 2145.
1219
Calculate the remainder when 389557 is divided by 2251.
134
What is the remainder when 561301 is divided by 1369?
11
Calculate the remainder when 670819 is divided by 51481.
1566
Calculate the remainder when 13091308 is divided by 26.
22
Calculate the remainder when 10610 is divided by 315.
215
What is the remainder when 16675525 is divided by 111?
106
What is the